d by j.
10
Suppose 3*h - 38 = i, 0 = 2*h + 3*i - 8*i - 34. Let a = -9 + h. Suppose 4*b + 3*r = 2*r + 255, 317 = 5*b + a*r. What is the remainder when b is divided by 13?
12
Let l = 12891 + -12833. Let r be (1 + -5)/((-2)/28). Suppose r = 4*h - 24. Calculate the remainder when l is divided by h.
18
Let r = -14 - -37. Let o(s) = 2*s**3 - 10*s**2 + 8*s + 15. Let k be o(7). Suppose 0*i - k = -3*i. What is the remainder when i is divided by r?
20
Let u = 36 - 29. Let c be 11 + (-1 - 4/4). Suppose -179 = -5*o - c. Calculate the remainder when o is divided by u.
6
Suppose -4*p + 4*v = -28, 3*v + 6 = 2*p - 7. Let m(w) = 2 + 15*w + w**2 + 10 - 23*w. Calculate the remainder when 23 is divided by m(p).
11
Let c be 18/15*10/3. Suppose c*s = -5*o + s + 28, -3*o + 14 = -s. Let w = 59 - 54. What is the remainder when o is divided by w?
0
Let l be 0 + 8/(-6)*-6. Let m be 50/l - (-2)/(-8). Let x = 28 - m. What is the remainder when x is divided by 6?
4
Suppose 0 = 5*y - 2*w - 194, 0 = 4*y + w + 2*w - 146. Calculate the remainder when y is divided by (-2 + -2)/(-4)*(-24)/(-3).
6
Let l(q) = 4*q**2 - q + 2. Let f be l(1). Suppose 3*b + 2*z - z - 115 = 0, f*z = 4*b - 185. Calculate the remainder when b is divided by 21.
19
Let d be -3*6/(-63) - 4/14. Suppose d = -p - 5 + 46. What is the remainder when p is divided by 9?
5
Calculate the remainder when (-69 - -2)/((-80)/560) is divided by 12.
1
Suppose -h = 4 - 66. What is the remainder when h is divided by ((-8)/12)/(4/(-126))?
20
Let z(x) = x**3 - 29*x**2 - 31*x + 56. Calculate the remainder when 63 is divided by z(30).
11
What is the remainder when (-1)/((-6)/2064*2) is divided by 50?
22
Let b(y) = y**2 - y + 3. Let x be (-4)/10 + 26/(-10). Let v = 30 + -26. Calculate the remainder when b(x) is divided by v.
3
Suppose 5*j - 3*l = 2*j, j + l = 10. Suppose -3*v + 0*v + j*k = -11, -5*v + 11 = -k. Calculate the remainder when 67/v + (-8)/(-16) is divided by 7.
6
Suppose -2*s - h - 35 = -291, -3*s + 362 = -4*h. Let u = 141 - s. What is the remainder when 1*(-1*43)/(-1) is divided by u?
13
Suppose -3*x - 6*u + 9*u + 63 = 0, -2*u - 8 = 0. Calculate the remainder when x is divided by 7.
3
Suppose 13*f = 71 + 1099. Calculate the remainder when 629 is divided by f.
89
Suppose 44 = 4*z + 3*i, -2*i = -2*z - 1 + 37. Calculate the remainder when 180 is divided by z.
12
Let c(g) = g**3 - 9*g**2 - 17*g + 14. Let k(l) = l + 1. Let t(j) = c(j) + 6*k(j). What is the remainder when 15 is divided by t(10)?
5
Let d = 46 - 3. Suppose 0 = u - 2*k - 2*k - d, -3*k = -2*u + 66. Let a = 19059 - 19007. Calculate the remainder when a is divided by u.
25
Suppose b = -3*n + 2*b + 13, 0 = 5*b - 10. Let i = 9 + n. Suppose 3*x + 4*r = 129, 2*x = -3*x - 4*r + 207. Calculate the remainder when x is divided by i.
11
Suppose -y = 2*y - 63. Let f = y - 10. Let j = -7 - -14. What is the remainder when f is divided by j?
4
Let a(o) = 4*o - 2. Let x be a(-6). Let v = x - -32. What is the remainder when ((-336)/(-40))/(v/20) is divided by 15?
13
Suppose 5*g - 420 = -5*m, -46*g = -45*g - 4*m - 109. What is the remainder when g is divided by 45?
44
Suppose -10 = m - 27. Let w(d) = -d**3 + 9*d**2 + 6*d + 62. Calculate the remainder when w(9) is divided by m.
14
Let y(x) = x**2 - 12*x - 14. Let l(n) = 13*n**2 + n + 1. Let d be l(-1). Let o be y(d). What is the remainder when (8 - (4 + o))*5 is divided by 7?
4
Let d(z) = 3*z**2 - 2*z - 13. Let a be d(3). Suppose -4*q - q = 0. Suppose a*x - 53 - 75 = q. What is the remainder when 47 is divided by x?
15
Calculate the remainder when 4208/48 + 3/9*-2 is divided by 0/3 - (0 - 18).
15
Let d = -112 - -55. Let b = 97 + d. What is the remainder when b is divided by 3?
1
Let r(l) be the second derivative of l**2 + 4*l + l**2 - 7*l**2 + l + 3*l**3. Calculate the remainder when r(3) is divided by 23.
21
Calculate the remainder when (-240)/(-96)*(-188)/(-10) is divided by 26.
21
Let u be (3 + -5)*(-3)/6. Let h = 10 - 7. Let l = h + u. What is the remainder when l is divided by 3?
1
Suppose -v = -2*z - 178, 2*z - 4 = 6. Suppose -3*a + 52 = -v. Let j = -32 + a. What is the remainder when j is divided by 10?
8
Suppose -15 = -r - 5*h + 1, 0 = -3*r - h + 20. What is the remainder when 19 is divided by (((-33)/2)/(-11))/(1/r)?
1
Suppose 2*n - 21 = 3. Suppose 3*t - 3 = -n. Calculate the remainder when 68/(4 - 3) + t is divided by 17.
14
Let g = 6 + 106. Calculate the remainder when g is divided by 55.
2
Suppose -7 - 23 = -o. Suppose 2*f = -f + o. Suppose 26 = 18*s - 17*s. What is the remainder when s is divided by f?
6
Let v(b) = 17*b - 5. Let t be v(3). Let y = t + -39. What is the remainder when 27 is divided by y?
6
Let n(f) = -f. Let a be n(9). Let r = -9 - a. Suppose r = 3*k - 0*k - 36. What is the remainder when k is divided by 7?
5
Let d(c) = c + 3*c + 7*c**2 - 1 - c. Let q be d(-3). Let a = q + -29. Calculate the remainder when 70 is divided by a.
22
Suppose 5*x - 108 = 17. Let n(l) = 114*l**3 - l**2 + 1. Let j be n(1). Let f = j - 40. Calculate the remainder when f is divided by x.
24
Let y(t) = -t**2 + 19*t - 34. Suppose -3*q + 10 = 1. Let z(l) = 8*l**2 - l + 2. What is the remainder when z(q) is divided by y(14)?
35
Let w(p) = 3*p**2 + 3*p - 48. Let v = -12 - -34. What is the remainder when w(5) is divided by v?
20
Calculate the remainder when 2/(-4) - 66/(-4) is divided by 4/(-5) - ((-5929)/(-55))/(-11).
7
What is the remainder when 179 is divided by (-8)/16 - (-201)/6?
14
Let f be 345/27 + (-2)/(-9). Let q = -21 + f. Let l = q - -27. Calculate the remainder when 35 is divided by l.
16
Let f(w) = 33*w + 11. What is the remainder when f(13) is divided by 21?
20
Let d = 15 - 22. Let l(x) = -x**2 - 11*x - 17. Calculate the remainder when 41 is divided by l(d).
8
Suppose 20 = 4*b, 5*h + 0*h = b + 475. Let r = h - 81. Calculate the remainder when r is divided by 10.
5
Let c(y) = y**2 + 4*y + 38. Let v = 40 - 48. What is the remainder when c(v) is divided by 6?
4
Let y(j) = 26*j + 831. Calculate the remainder when 304 is divided by y(-30).
49
Let i(s) be the first derivative of -9*s**2/2 - 37*s - 3. Let n = -156 - -220. Calculate the remainder when n is divided by i(-6).
13
Suppose 0 = z + 9 - 579. Suppose 3*s - 9*s + z = 0. What is the remainder when s is divided by 16?
15
Let r(w) = -w**3 + 12*w**2 - 26*w + 49. Let p be r(11). Suppose -k + 285 = -6*k. Let f = k - p. Calculate the remainder when f is divided by 12.
11
Let q(f) = f**3 + 5*f**2 - f**2 - 2*f**2 - 2 - 2*f. Let y = -241 + 260. What is the remainder when q(3) is divided by y?
18
Let t = 61 - 1. Suppose 4*q = q - 3*o + 60, t = 3*q - 3*o. Let h = -2012 + 2049. Calculate the remainder when h is divided by q.
17
Let i = 62 + -36. Let u = 47 - i. Let p = -62 + 124. Calculate the remainder when p is divided by u.
20
Suppose -5*c + 5*r = -95, -7*c + 5*r + 67 = -4*c. Calculate the remainder when c is divided by 4.
2
Let x = -558 - -612. Calculate the remainder when 375 is divided by x.
51
Let w = -78 - -81. Calculate the remainder when 28 is divided by (-1 + w + -3)/(3/(-21)).
0
Let b(x) = -x**3 + 13*x**2 - 14*x + 49. What is the remainder when b(10) is divided by 42?
41
Let v(q) = -q**3 - 8*q**2 - 14*q + 3. Let s be v(-11). Suppose 10*i = 70 + s. What is the remainder when i is divided by 21?
17
Let g(i) = 20*i - 68. Let f(k) = 30*k - 102. Let r(u) = -5*f(u) + 8*g(u). Let v(p) = 8*p**2 + 3*p + 1. What is the remainder when r(14) is divided by v(-2)?
25
Let h(a) = a**3 + 20*a**2 - 6*a - 21. Calculate the remainder when h(-20) is divided by 21.
15
Suppose -5*v - 60 = -5*g + 455, -2*v = -5*g + 503. Calculate the remainder when g is divided by 26.
21
Suppose 219*s = 222*s - 87. What is the remainder when s is divided by 10?
9
Let d(i) = -i**3 + 3*i**2 + 9*i - 1. Let n be 4 - 3 - (3 - 4). Calculate the remainder when (n + 129/(-9))*-6 is divided by d(4).
17
Suppose 2*l = -82*l + 169 + 671. Let m = 165 - 117. What is the remainder when m is divided by l?
8
Let g be (-52)/((-60)/56 - -1). Suppose -4*y = -2*d + 6*d - g, y - d - 172 = 0. Suppose 2*u + u = y. What is the remainder when u is divided by 30?
29
What is the remainder when (-3)/24 - 0 - (-5922)/144 is divided by 28?
13
Suppose -3*j + 134 = 5*q, -85 = -2*j + 7*q - 6*q. What is the remainder when j is divided by 7?